{"id":142,"date":"2021-04-19T17:17:32","date_gmt":"2021-04-19T15:17:32","guid":{"rendered":"https:\/\/imbstudent.donau-uni.ac.at\/digicults\/?page_id=142"},"modified":"2022-06-21T16:33:07","modified_gmt":"2022-06-21T14:33:07","slug":"digital-transformation","status":"publish","type":"page","link":"https:\/\/academy.digicults.eu\/pol\/digital-transformation\/","title":{"rendered":"Wspieranie transformacji cyfrowej"},"content":{"rendered":"<p><div class=\"fusion-fullwidth fullwidth-box fusion-builder-row-1 fusion-flex-container nonhundred-percent-fullwidth non-hundred-percent-height-scrolling\" style=\"background-color: rgba(255,255,255,0);background-position: center center;background-repeat: no-repeat;border-width: 0px 0px 0px 0px;border-color:#eae9e9;border-style:solid;\" ><div class=\"fusion-builder-row fusion-row fusion-flex-align-items-flex-start\" style=\"max-width:2184px;margin-left: calc(-4% \/ 2 );margin-right: calc(-4% \/ 2 );\"><div class=\"fusion-layout-column fusion_builder_column fusion-builder-column-0 fusion_builder_column_1_1 1_1 fusion-flex-column\"><div class=\"fusion-column-wrapper fusion-flex-justify-content-flex-start fusion-content-layout-column\" style=\"background-position:left top;background-repeat:no-repeat;-webkit-background-size:cover;-moz-background-size:cover;-o-background-size:cover;background-size:cover;padding: 0px 0px 0px 0px;\"><iframe src=\"\/pol\/wp-content\/uploads\/articulate_uploads\/wspieranie-transformacji-cyfrowej\/scormcontent\/index.html\" width=\"100%\" height=\"2000\">\n<\/iframe><\/div><style type=\"text\/css\">.fusion-body .fusion-builder-column-0{width:100% !important;margin-top : 0px;margin-bottom : 20px;}.fusion-builder-column-0 > .fusion-column-wrapper {padding-top : 0px !important;padding-right : 0px !important;margin-right : 0;padding-bottom : 0px !important;padding-left : 0px !important;margin-left : 0;}@media only screen and (max-width:1024px) {.fusion-body .fusion-builder-column-0{width:100% !important;order : 0;}.fusion-builder-column-0 > .fusion-column-wrapper {margin-right : 1.92%;margin-left : 1.92%;}}@media only screen and (max-width:640px) {.fusion-body .fusion-builder-column-0{width:100% !important;order : 0;}.fusion-builder-column-0 > .fusion-column-wrapper {margin-right : 1.92%;margin-left : 1.92%;}}<\/style><\/div><\/div><style type=\"text\/css\">.fusion-body .fusion-flex-container.fusion-builder-row-1{ padding-top : 0px;margin-top : 0px;padding-right : 0px;padding-bottom : 0px;margin-bottom : 0px;padding-left : 0px;}<\/style><\/div><div class=\"fusion-fullwidth fullwidth-box fusion-builder-row-2 fusion-flex-container nonhundred-percent-fullwidth non-hundred-percent-height-scrolling\" style=\"background-color: rgba(255,255,255,0);background-position: center center;background-repeat: no-repeat;border-width: 0px 0px 0px 0px;border-color:#eae9e9;border-style:solid;\" ><div class=\"fusion-builder-row fusion-row fusion-flex-align-items-flex-start\" style=\"max-width:2184px;margin-left: calc(-4% \/ 2 );margin-right: calc(-4% \/ 2 );\"><div class=\"fusion-layout-column fusion_builder_column fusion-builder-column-1 fusion_builder_column_1_1 1_1 fusion-flex-column\"><div class=\"fusion-column-wrapper fusion-flex-justify-content-flex-start fusion-content-layout-column\" style=\"background-position:left top;background-repeat:no-repeat;-webkit-background-size:cover;-moz-background-size:cover;-o-background-size:cover;background-size:cover;padding: 0px 0px 0px 0px;\"><div class=\"fusion-text fusion-text-1 fusion-text-no-margin\"><div id=\"content-1649842853226\" class=\"ui-box kb jw cd kd ke kf kg kh kf ki kj kk kl km kn ko kp kq kr ks kt ku kv kw kx ky kz la lb lc ld le lf lg lh li lj lk ll lm ln lo lp lq lr ls lt lu lv lw lx ly lz ma mb mc md me mf mg mh mi mj mk ml mm mn mo mp mq mr ms mt mu mv mw mx my mz na nb nc nd ne nf ng nh ni nj nk nl nm nn no np nq nr ns nt nu nv nw nx ny nz oa ob oc od oe of og oh oi oj ok ol om on oo op oq or os ot ou ov ow ox oy oz pa pb pc pd pe pf pg ph pi pj pk pl pm pn po pp pq pr ps pt pu pv pw px py pz qa qb qc qd qe qf qg qh qi qj qk ql qm qn qo qp qq qr qs qt qu qv qw qx qy qz ra rb rc rd re rf rg rh ri rj rk rl rm rn ro rp rq rr rs rt cu ru rv rw rx ry rz sa sb sc sd se sf sg sh si sj ui-chat__message__content\" dir=\"auto\" aria-label=\"We provide all DigiCulTS courses as\u00a0 Link Open Educational Resources (OER) . The text of this work is licensed under a \u00a0 Link Creative Commons Attribution 4.0 International License. \u00a0 Please take note that some materials used with permission (esp. pictures) or cited in this work might be copyright-protected. We have tried to acknowledge all our sources. If for some reason we have forgotten to provide you with proper credits, it has not been done with malicious intent. Feel free to contact the \u00a0 DigiCulTS project coordinators \u00a0 at \u00a0 Link office@studienzentrum.at .\">\n<p>Wszystkie kursy DigiCulTS udost\u0119pniamy jako <a href=\"https:\/\/www.unesco.org\/en\/communication-information\/open-solutions\/open-educational-resources\">Otwarte Zasoby Edukacyjne (OER)<\/a>. Tekst tej pracy jest udost\u0119pniony na licencji<a href=\"https:\/\/creativecommons.org\/share-your-work\/public-domain\/freeworks\"> Creative Commons Uznanie autorstwa 4.0 Mi\u0119dzynarodowa Licencja<\/a>. Nale\u017cy pami\u0119ta\u0107, \u017ce niekt\u00f3re materia\u0142y wykorzystane za zgod\u0105 (zw\u0142aszcza zdj\u0119cia) lub cytowane w tej pracy mog\u0105 by\u0107 chronione prawem autorskim. Starali\u015bmy si\u0119 poda\u0107 wszystkie nasze \u017ar\u00f3d\u0142a. Je\u015bli z jakiego\u015b powodu zapomnieli\u015bmy o podaniu odpowiednich informacji, nie zrobili\u015bmy tego w z\u0142ych zamiarach. Zach\u0119camy do kontaktu z koordynatorami projektu DigiCulTS pod adresem <strong><a tabindex=\"-1\" title=\"mailto:office@studienzentrum.at\" href=\"mailto:office@studienzentrum.at\" target=\"_blank\" rel=\"noopener noreferrer\" aria-label=\"Link office@studienzentrum.at\">office@studienzentrum.at<\/a>.<\/strong><\/p>\n<\/div>\n<\/div><\/div><style type=\"text\/css\">.fusion-body .fusion-builder-column-1{width:100% !important;margin-top : 0px;margin-bottom : 0px;}.fusion-builder-column-1 > .fusion-column-wrapper {padding-top : 0 !important;padding-right : 0px !important;margin-right : 1.92%;padding-bottom : 0 !important;padding-left : 0px !important;margin-left : 1.92%;}@media only screen and (max-width:1024px) {.fusion-body .fusion-builder-column-1{width:100% !important;order : 0;}.fusion-builder-column-1 > .fusion-column-wrapper {margin-right : 1.92%;margin-left : 1.92%;}}@media only screen and (max-width:640px) {.fusion-body .fusion-builder-column-1{width:100% !important;order : 0;}.fusion-builder-column-1 > .fusion-column-wrapper {margin-right : 1.92%;margin-left : 1.92%;}}<\/style><\/div><\/div><style type=\"text\/css\">.fusion-body .fusion-flex-container.fusion-builder-row-2{ padding-top : 0px;margin-top : 0px;padding-right : 0px;padding-bottom : 0px;margin-bottom : 0px;padding-left : 0px;}<\/style><\/div><\/p>\n","protected":false},"excerpt":{"rendered":"","protected":false},"author":2,"featured_media":0,"parent":0,"menu_order":0,"comment_status":"closed","ping_status":"closed","template":"","meta":{"_bbp_topic_count":0,"_bbp_reply_count":0,"_bbp_total_topic_count":0,"_bbp_total_reply_count":0,"_bbp_voice_count":0,"_bbp_anonymous_reply_count":0,"_bbp_topic_count_hidden":0,"_bbp_reply_count_hidden":0,"_bbp_forum_subforum_count":0,"footnotes":""},"class_list":["post-142","page","type-page","status-publish","hentry"],"yoast_head":"<!-- This site is optimized with the Yoast SEO plugin v16.1.1 - https:\/\/yoast.com\/wordpress\/plugins\/seo\/ -->\n<title>Wspieranie transformacji cyfrowej - DigiCults<\/title>\n<meta name=\"description\" content=\"Digitization, digitalization, and digital transformation have been driving innovation in small- and medium-sized enterprises (SMEs) over recent years. This course will help you find answers to the following questions: What is the difference between digitization, digitalization, and digital transformation? Can online communication be a substitute for face-to-face contact? How can you boost the innovation and digital transformation of your company?\" \/>\n<link rel=\"canonical\" href=\"https:\/\/academy.digicults.eu\/pol\/digital-transformation\/\" \/>\n<meta property=\"og:locale\" content=\"pl_PL\" \/>\n<meta property=\"og:type\" content=\"article\" \/>\n<meta property=\"og:title\" content=\"Wspieranie transformacji cyfrowej - DigiCults\" \/>\n<meta property=\"og:description\" content=\"Digitization, digitalization, and digital transformation have been driving innovation in small- and medium-sized enterprises (SMEs) over recent years. This course will help you find answers to the following questions: What is the difference between digitization, digitalization, and digital transformation? Can online communication be a substitute for face-to-face contact? How can you boost the innovation and digital transformation of your company?\" \/>\n<meta property=\"og:url\" content=\"https:\/\/academy.digicults.eu\/pol\/digital-transformation\/\" \/>\n<meta property=\"og:site_name\" content=\"DigiCults\" \/>\n<meta property=\"article:modified_time\" content=\"2022-06-21T14:33:07+00:00\" \/>\n<meta name=\"twitter:card\" content=\"summary_large_image\" \/>\n<meta name=\"twitter:label1\" content=\"Szacowany czas czytania\">\n\t<meta name=\"twitter:data1\" content=\"2 minuty\">\n<script type=\"application\/ld+json\" class=\"yoast-schema-graph\">{\"@context\":\"https:\/\/schema.org\",\"@graph\":[{\"@type\":\"WebSite\",\"@id\":\"https:\/\/academy.digicults.eu\/pol\/#website\",\"url\":\"https:\/\/academy.digicults.eu\/pol\/\",\"name\":\"DigiCults\",\"description\":\"Website for the Digicultsproject\",\"potentialAction\":[{\"@type\":\"SearchAction\",\"target\":\"https:\/\/academy.digicults.eu\/pol\/?s={search_term_string}\",\"query-input\":\"required name=search_term_string\"}],\"inLanguage\":\"pl-PL\"},{\"@type\":\"WebPage\",\"@id\":\"https:\/\/academy.digicults.eu\/pol\/digital-transformation\/#webpage\",\"url\":\"https:\/\/academy.digicults.eu\/pol\/digital-transformation\/\",\"name\":\"Wspieranie transformacji cyfrowej - DigiCults\",\"isPartOf\":{\"@id\":\"https:\/\/academy.digicults.eu\/pol\/#website\"},\"datePublished\":\"2021-04-19T15:17:32+00:00\",\"dateModified\":\"2022-06-21T14:33:07+00:00\",\"description\":\"Digitization, digitalization, and digital transformation have been driving innovation in small- and medium-sized enterprises (SMEs) over recent years. This course will help you find answers to the following questions: What is the difference between digitization, digitalization, and digital transformation? Can online communication be a substitute for face-to-face contact? How can you boost the innovation and digital transformation of your company?\",\"breadcrumb\":{\"@id\":\"https:\/\/academy.digicults.eu\/pol\/digital-transformation\/#breadcrumb\"},\"inLanguage\":\"pl-PL\",\"potentialAction\":[{\"@type\":\"ReadAction\",\"target\":[\"https:\/\/academy.digicults.eu\/pol\/digital-transformation\/\"]}]},{\"@type\":\"BreadcrumbList\",\"@id\":\"https:\/\/academy.digicults.eu\/pol\/digital-transformation\/#breadcrumb\",\"itemListElement\":[{\"@type\":\"ListItem\",\"position\":1,\"item\":{\"@type\":\"WebPage\",\"@id\":\"https:\/\/academy.digicults.eu\/pol\/\",\"url\":\"https:\/\/academy.digicults.eu\/pol\/\",\"name\":\"Home\"}},{\"@type\":\"ListItem\",\"position\":2,\"item\":{\"@type\":\"WebPage\",\"@id\":\"https:\/\/academy.digicults.eu\/pol\/digital-transformation\/\",\"url\":\"https:\/\/academy.digicults.eu\/pol\/digital-transformation\/\",\"name\":\"Wspieranie transformacji cyfrowej\"}}]}]}<\/script>\n<!-- \/ Yoast SEO plugin. -->","_links":{"self":[{"href":"https:\/\/academy.digicults.eu\/pol\/wp-json\/wp\/v2\/pages\/142","targetHints":{"allow":["GET"]}}],"collection":[{"href":"https:\/\/academy.digicults.eu\/pol\/wp-json\/wp\/v2\/pages"}],"about":[{"href":"https:\/\/academy.digicults.eu\/pol\/wp-json\/wp\/v2\/types\/page"}],"author":[{"embeddable":true,"href":"https:\/\/academy.digicults.eu\/pol\/wp-json\/wp\/v2\/users\/2"}],"replies":[{"embeddable":true,"href":"https:\/\/academy.digicults.eu\/pol\/wp-json\/wp\/v2\/comments?post=142"}],"version-history":[{"count":25,"href":"https:\/\/academy.digicults.eu\/pol\/wp-json\/wp\/v2\/pages\/142\/revisions"}],"predecessor-version":[{"id":450,"href":"https:\/\/academy.digicults.eu\/pol\/wp-json\/wp\/v2\/pages\/142\/revisions\/450"}],"wp:attachment":[{"href":"https:\/\/academy.digicults.eu\/pol\/wp-json\/wp\/v2\/media?parent=142"}],"curies":[{"name":"wp","href":"https:\/\/api.w.org\/{rel}","templated":true}]}}