{"id":235,"date":"2021-05-03T15:41:29","date_gmt":"2021-05-03T13:41:29","guid":{"rendered":"https:\/\/imbstudent.donau-uni.ac.at\/digicults\/?page_id=235"},"modified":"2022-06-08T16:39:42","modified_gmt":"2022-06-08T14:39:42","slug":"privacy_policy","status":"publish","type":"page","link":"https:\/\/academy.digicults.eu\/pol\/privacy_policy\/","title":{"rendered":"Polityka prywatno\u015bci dla Akademii DigiCulTS"},"content":{"rendered":"<div class=\"fusion-fullwidth fullwidth-box fusion-builder-row-1 fusion-flex-container nonhundred-percent-fullwidth non-hundred-percent-height-scrolling\" style=\"background-color: rgba(255,255,255,0);background-position: center center;background-repeat: no-repeat;border-width: 0px 0px 0px 0px;border-color:#eae9e9;border-style:solid;\" ><div class=\"fusion-builder-row fusion-row fusion-flex-align-items-flex-start\" style=\"max-width:2184px;margin-left: calc(-4% \/ 2 );margin-right: calc(-4% \/ 2 );\"><div class=\"fusion-layout-column fusion_builder_column fusion-builder-column-0 fusion_builder_column_1_1 1_1 fusion-flex-column\"><div class=\"fusion-column-wrapper fusion-flex-justify-content-flex-start fusion-content-layout-column\" style=\"background-position:left top;background-repeat:no-repeat;-webkit-background-size:cover;-moz-background-size:cover;-o-background-size:cover;background-size:cover;padding: 0px 0px 0px 0px;\"><div class=\"fusion-text fusion-text-1\"><h1>Polityka prywatno\u015bci dla Akademii DigiCulTS<\/h1>\n<\/div><div class=\"fusion-text fusion-text-2\"><p><strong>Odpowiedzialni<\/strong><\/p>\n<p>Centrum Bada\u0144 Stosowanych i Innowacji w Uczeniu si\u0119 przez ca\u0142e \u017cycie<\/p>\n<p>Uniwersytetu Kszta\u0142cenia Ustawicznego w Krems (UWK, Dr. Karl Dorrek Stra\u00dfe 30, 3500 Krems Tel.: 02732 893-0, e-mail osoby kontaktowej: gregor.pirker@donau-uni.ac.at Inspektor ochrony danych: MMaga Katharina Ranjan)<\/p>\n<p>jest odpowiedzialny za dane osobowe przetwarzane w zwi\u0105zku z funkcjonowaniem tego narz\u0119dzia e-learningowego.<\/p>\n<p>Organizatorzy poszczeg\u00f3lnych kurs\u00f3w s\u0105 odpowiedzialni za przetwarzanie danych osobowych w ramach organizacji i realizacji kurs\u00f3w.<\/p>\n<p><strong>Charakter, cele, podstawa prawna i spos\u00f3b przetwarzania, odbiorcy<\/strong><\/p>\n<p>W ramach korzystania z platformy UWK przetwarza nast\u0119puj\u0105ce kategorie danych w zwi\u0105zku z jej funkcjonowaniem:<\/p>\n<p><strong>Dane dziennika (log data)<\/strong><\/p>\n<p>Adres IP u\u017cytkownika wraz z danymi dotycz\u0105cymi czasu \u017c\u0105dania, celu \u017c\u0105dania, ilo\u015bci przes\u0142anych danych, komunikatu czy \u017c\u0105danie zako\u0144czy\u0142o si\u0119 powodzeniem, u\u017cywanej przegl\u0105darki, u\u017cywanego systemu operacyjnego, a tak\u017ce strony internetowej, z kt\u00f3rej nast\u0105pi\u0142 dost\u0119p (je\u015bli dost\u0119p nast\u0105pi\u0142 poprzez link). Dane te s\u0105 wykorzystywane wy\u0142\u0105cznie w celu zapewnienia bezpiecze\u0144stwa systemu i s\u0105 przetwarzane przez firm\u0119 Acriba GmbH (dostawc\u0119 us\u0142ug hostingowych). Podstaw\u0105 prawn\u0105 jest Art. 6 par. 1 lit. f DSGVO (uzasadniony interes) oraz TKG \u00a7 165 par. 3.<\/p>\n<p><strong>Tre\u015bci e-learningowe<\/strong><\/p>\n<p>Poprzez aktywne klikni\u0119cie na baner wy\u015bwietlany przy wej\u015bciu na stron\u0119 internetow\u0105 decydujesz, czy chcesz korzysta\u0107 z tre\u015bci e-learningowych:<\/p>\n<p>A. bez osadzania zewn\u0119trznych us\u0142ugodawc\u00f3w w postaci plik\u00f3w PDF i obraz\u00f3w oraz ewentualnie dalszych link\u00f3w;<\/p>\n<p>[Te linki do stron innych uczestnik\u00f3w Internetu s\u0105 udost\u0119pniane jako us\u0142uga maj\u0105ca na celu zaspokojenie dalszych potrzeb informacyjnych u\u017cytkownika. UWK nie ma wp\u0142ywu na ich tre\u015b\u0107 i nie ponosi za nie odpowiedzialno\u015bci].<\/p>\n<p>lub .<\/p>\n<p>B. z osadzaniem us\u0142ug zewn\u0119trznych dostawc\u00f3w us\u0142ug i zwi\u0105zanym z tym koniecznym przekazywaniem im Twoich danych osobowych (identyfikatory online, adresy IP). Nale\u017c\u0105 do nich:<\/p>\n<p>&#8211; <a href=\"https:\/\/www.youtube.com\/static?template=terms\">Youtube<\/a><\/p>\n<p>&#8211; <a href=\"https:\/\/soundcloud.com\/pages\/privacy\">Soundcloud<\/a><\/p>\n<p>&#8211; <a href=\"https:\/\/legal.padlet.com\/privacy\">Padlet<\/a><\/p>\n<p>&#8211; <a href=\"https:\/\/support.google.com\/jamboard\/answer\/10400300?hl=en\">Google Jamboard<\/a><\/p>\n<p>Zwracamy uwag\u0119, \u017ce decyduj\u0105c si\u0119 na korzystanie z tre\u015bci e-learningowych za po\u015brednictwem wymienionych us\u0142ugodawc\u00f3w, wyra\u017casz zgod\u0119 na przekazywanie im danych, tj. Twoich danych osobowych (np. adresu IP) do kraju trzeciego (USA). Zawarte us\u0142ugi mog\u0105 wchodzi\u0107 w zakres 50 U.S.Code \u00a7 1881 (b) (4) i jako takie podlegaj\u0105 nadzorowi ameryka\u0144skich agencji wywiadowczych zgodnie z 50 U.S.Code \u00a7 1881a (&#8222;FISA 702&#8221;). W zwi\u0105zku z tym nie mo\u017cna zagwarantowa\u0107 zgodno\u015bci z europejskimi wymogami ochrony danych. Przekazanie danych u\u017cytkownika do kraju trzeciego w okre\u015blonym celu odbywa si\u0119 na mocy wyj\u0105tkowego przepisu art. 49 ust. 1 lit. a DSGVO, poniewa\u017c u\u017cytkownik udzieli\u0142 nam dorozumianej zgody po otrzymaniu informacji o ryzyku w kontek\u015bcie banera wy\u015bwietlanego przy wej\u015bciu.<\/p>\n<p><strong>Okres przechowywania danych<\/strong><\/p>\n<p>Dane dziennika s\u0105 przez nas przechowywane przez okres &#8230;.. Okres przechowywania danych gromadzonych przez wbudowane us\u0142ugi mo\u017cna znale\u017a\u0107 w ich polityce prywatno\u015bci.<\/p>\n<p><strong>Prawa os\u00f3b, kt\u00f3rych dane dotycz\u0105<\/strong><\/p>\n<p>Aby uzyska\u0107 informacje na temat przetwarzania danych przez odpowiedniego dostawc\u0119 (dostawc\u00f3w) kurs\u00f3w, nale\u017cy skontaktowa\u0107 si\u0119 z organizacj\u0105, kt\u00f3ra udost\u0119pni\u0142a link do tego narz\u0119dzia.<\/p>\n<p>Aby skorzysta\u0107 z praw dost\u0119pu, usuni\u0119cia itp. zgodnie z Art. 15 &#8211; 20 DSGVO, nale\u017cy skontaktowa\u0107 si\u0119 z wy\u017cej wymienion\u0105 osob\u0105 kontaktow\u0105 lub, w charakterze pomocnika, z inspektorem ochrony danych. Ze wzgl\u0119du na brak mo\u017cliwo\u015bci identyfikacji, Pa\u0144stwa prawa mog\u0105 zosta\u0107 ograniczone bez podania dalszych informacji zgodnie z art. 11 GDPR.<\/p>\n<p>W przypadku jakichkolwiek skarg, prosimy o kontakt z austriackim organem ochrony danych (www.dsb.gv.at).<\/p>\n<p>\u00a0<\/p>\n<\/div><\/div><style type=\"text\/css\">.fusion-body .fusion-builder-column-0{width:100% !important;margin-top : 5%;margin-bottom : 20px;}.fusion-builder-column-0 > .fusion-column-wrapper {padding-top : 0px !important;padding-right : 0px !important;margin-right : 1.92%;padding-bottom : 0px !important;padding-left : 0px !important;margin-left : 1.92%;}@media only screen and (max-width:1024px) {.fusion-body .fusion-builder-column-0{width:100% !important;order : 0;}.fusion-builder-column-0 > .fusion-column-wrapper {margin-right : 1.92%;margin-left : 1.92%;}}@media only screen and (max-width:640px) {.fusion-body .fusion-builder-column-0{width:100% !important;order : 0;}.fusion-builder-column-0 > .fusion-column-wrapper {margin-right : 1.92%;margin-left : 1.92%;}}<\/style><\/div><\/div><style type=\"text\/css\">.fusion-body .fusion-flex-container.fusion-builder-row-1{ padding-top : 0px;margin-top : 0px;padding-right : 0px;padding-bottom : 0px;margin-bottom : 0px;padding-left : 0px;}<\/style><\/div>\n","protected":false},"excerpt":{"rendered":"","protected":false},"author":1,"featured_media":0,"parent":0,"menu_order":0,"comment_status":"closed","ping_status":"closed","template":"","meta":{"_bbp_topic_count":0,"_bbp_reply_count":0,"_bbp_total_topic_count":0,"_bbp_total_reply_count":0,"_bbp_voice_count":0,"_bbp_anonymous_reply_count":0,"_bbp_topic_count_hidden":0,"_bbp_reply_count_hidden":0,"_bbp_forum_subforum_count":0,"footnotes":""},"class_list":["post-235","page","type-page","status-publish","hentry"],"yoast_head":"<!-- This site is optimized with the Yoast SEO plugin v16.1.1 - https:\/\/yoast.com\/wordpress\/plugins\/seo\/ -->\n<title>Polityka prywatno\u015bci dla Akademii DigiCulTS - DigiCults<\/title>\n<meta name=\"description\" content=\"Privacy Policy for the DigiCulTS Course Platform\" \/>\n<link rel=\"canonical\" href=\"https:\/\/academy.digicults.eu\/pol\/privacy_policy\/\" \/>\n<meta property=\"og:locale\" content=\"pl_PL\" \/>\n<meta property=\"og:type\" content=\"article\" \/>\n<meta property=\"og:title\" content=\"Polityka prywatno\u015bci dla Akademii DigiCulTS - DigiCults\" \/>\n<meta property=\"og:description\" content=\"Privacy Policy for the DigiCulTS Course Platform\" \/>\n<meta property=\"og:url\" content=\"https:\/\/academy.digicults.eu\/pol\/privacy_policy\/\" \/>\n<meta property=\"og:site_name\" content=\"DigiCults\" \/>\n<meta property=\"article:modified_time\" content=\"2022-06-08T14:39:42+00:00\" \/>\n<meta name=\"twitter:card\" content=\"summary_large_image\" \/>\n<meta name=\"twitter:label1\" content=\"Szacowany czas czytania\">\n\t<meta name=\"twitter:data1\" content=\"4 minuty\">\n<script type=\"application\/ld+json\" class=\"yoast-schema-graph\">{\"@context\":\"https:\/\/schema.org\",\"@graph\":[{\"@type\":\"WebSite\",\"@id\":\"https:\/\/academy.digicults.eu\/pol\/#website\",\"url\":\"https:\/\/academy.digicults.eu\/pol\/\",\"name\":\"DigiCults\",\"description\":\"Website for the Digicultsproject\",\"potentialAction\":[{\"@type\":\"SearchAction\",\"target\":\"https:\/\/academy.digicults.eu\/pol\/?s={search_term_string}\",\"query-input\":\"required name=search_term_string\"}],\"inLanguage\":\"pl-PL\"},{\"@type\":\"WebPage\",\"@id\":\"https:\/\/academy.digicults.eu\/pol\/privacy_policy\/#webpage\",\"url\":\"https:\/\/academy.digicults.eu\/pol\/privacy_policy\/\",\"name\":\"Polityka prywatno\\u015bci dla Akademii DigiCulTS - DigiCults\",\"isPartOf\":{\"@id\":\"https:\/\/academy.digicults.eu\/pol\/#website\"},\"datePublished\":\"2021-05-03T13:41:29+00:00\",\"dateModified\":\"2022-06-08T14:39:42+00:00\",\"description\":\"Privacy Policy for the DigiCulTS Course Platform\",\"breadcrumb\":{\"@id\":\"https:\/\/academy.digicults.eu\/pol\/privacy_policy\/#breadcrumb\"},\"inLanguage\":\"pl-PL\",\"potentialAction\":[{\"@type\":\"ReadAction\",\"target\":[\"https:\/\/academy.digicults.eu\/pol\/privacy_policy\/\"]}]},{\"@type\":\"BreadcrumbList\",\"@id\":\"https:\/\/academy.digicults.eu\/pol\/privacy_policy\/#breadcrumb\",\"itemListElement\":[{\"@type\":\"ListItem\",\"position\":1,\"item\":{\"@type\":\"WebPage\",\"@id\":\"https:\/\/academy.digicults.eu\/pol\/\",\"url\":\"https:\/\/academy.digicults.eu\/pol\/\",\"name\":\"Home\"}},{\"@type\":\"ListItem\",\"position\":2,\"item\":{\"@type\":\"WebPage\",\"@id\":\"https:\/\/academy.digicults.eu\/pol\/privacy_policy\/\",\"url\":\"https:\/\/academy.digicults.eu\/pol\/privacy_policy\/\",\"name\":\"Polityka prywatno\\u015bci dla Akademii DigiCulTS\"}}]}]}<\/script>\n<!-- \/ Yoast SEO plugin. -->","_links":{"self":[{"href":"https:\/\/academy.digicults.eu\/pol\/wp-json\/wp\/v2\/pages\/235","targetHints":{"allow":["GET"]}}],"collection":[{"href":"https:\/\/academy.digicults.eu\/pol\/wp-json\/wp\/v2\/pages"}],"about":[{"href":"https:\/\/academy.digicults.eu\/pol\/wp-json\/wp\/v2\/types\/page"}],"author":[{"embeddable":true,"href":"https:\/\/academy.digicults.eu\/pol\/wp-json\/wp\/v2\/users\/1"}],"replies":[{"embeddable":true,"href":"https:\/\/academy.digicults.eu\/pol\/wp-json\/wp\/v2\/comments?post=235"}],"version-history":[{"count":11,"href":"https:\/\/academy.digicults.eu\/pol\/wp-json\/wp\/v2\/pages\/235\/revisions"}],"predecessor-version":[{"id":425,"href":"https:\/\/academy.digicults.eu\/pol\/wp-json\/wp\/v2\/pages\/235\/revisions\/425"}],"wp:attachment":[{"href":"https:\/\/academy.digicults.eu\/pol\/wp-json\/wp\/v2\/media?parent=235"}],"curies":[{"name":"wp","href":"https:\/\/api.w.org\/{rel}","templated":true}]}}